 71. Calculate the highest common divisor of m and x.
5
Suppose 2*m = -0*m, 3*w - 6 = 5*m. Suppose 0 = b - 0*b + x - 13, 3*x + 9 = 3*b. Calculate the highest common divisor of b and w.
2
Let o(q) = 2*q**2 - 17*q + 11. Suppose 2*p - 3*u = 13, -6 = -p + 5*u - 3. Let z be o(p). Calculate the highest common divisor of 30 and z.
3
Suppose -318 = -2*t + 2*l, 6*t - 5*t - 5*l = 147. Calculate the highest common factor of 180 and t.
18
Let x be 70*(550/88 - 9/(-12)). What is the greatest common divisor of 30 and x?
10
Suppose -216 = -4*a - m, -a + 2*a - 5*m - 54 = 0. Suppose 2*s - 28 = -s + 4*i, -4*s + a = 3*i. Calculate the highest common divisor of s and 12.
12
Let d(p) = 1 + 10 + 3*p - 4 + 3. Let i be d(6). What is the greatest common divisor of i and 56?
28
Let m = 296 + -191. Suppose -w = -2, 3*y - 3*w - 1 = 2*y. Suppose 2*n + m = y*n. Calculate the greatest common divisor of 3 and n.
3
Let n = 457 + -447. Let p be 75/((-3)/1)*-1. Calculate the greatest common divisor of p and n.
5
Suppose 4*o + 13*i - 2637 = 12*i, -4*o + 2655 = -5*i. What is the highest common factor of o and 60?
60
Suppose 4*m + g - 1112 = 0, 2*g = -5*m - 0*g + 1387. Calculate the greatest common divisor of 155 and m.
31
Suppose 2*g - 6*g + 16 = 0. Let l be 0 + 413 - (g - 7). Suppose -q = -3*q + l. What is the greatest common divisor of q and 26?
26
Suppose 3 = -3*a + 2*q, -3*a = a + 2*q - 10. Let g be 26/4 + 3/(-6). Let k = 13 - g. Calculate the greatest common divisor of k and a.
1
Suppose -3*m = -3*c - c + 626, m + 312 = 2*c. Let z = c - -27. Let w = z - 20. Calculate the greatest common factor of w and 18.
18
Suppose 100 = 2*l - 3*g, 4*l - 114 = -3*g + 86. Calculate the highest common divisor of l and 175.
25
Let z = 58 + -53. Calculate the highest common factor of z and 9.
1
Let i = 47 - 44. Suppose 7*q + 4 = i*q, -5*h + 181 = -q. Let m(p) = p**3 + 4*p**2 + 3*p + 4. Let l be m(4). What is the highest common factor of l and h?
36
Let d be 1/(-3) + 42/18. Let f(o) = 6*o**2 - 7*o - 1. Let l be f(d). Let n be 4/18 + (-1454)/(-18). What is the greatest common factor of l and n?
9
Let r(b) = -b**3 + 2*b**2 + 14*b + 4. Let c be r(-6). Suppose g - 46 = -4*h + 213, -3*h = -2*g - c. What is the greatest common factor of 6 and h?
6
Let c(b) = 5*b**2 - 19*b + 32. Let r be c(2). What is the greatest common factor of r and 42?
14
Let t = 10 + 0. Suppose -15*b + 20*b + 25 = 0, -105 = -4*s + 5*b. Calculate the greatest common divisor of s and t.
10
Let k(d) = 52*d - 6. Let z(l) = -103*l + 13. Let n(j) = -7*k(j) - 3*z(j). Let i be n(-3). What is the highest common divisor of 21 and i?
21
Suppose -4*l + 84 = 3*g - g, 5*g - 174 = -l. Let i be (-26)/143 + (-1124)/(-11). Calculate the highest common factor of g and i.
34
Let o be 1 - 1 - 2/3*-3. Suppose 2*q + 4*y = o, -3 = -2*q - 5*y - 1. Calculate the greatest common factor of q and 2.
1
Suppose -g = -1, -2*p - 52 = -2*g - 464. Calculate the highest common factor of 23 and p.
23
Let v be (9 - (8 - 2))*5. Let k = 272 - 107. Calculate the highest common factor of k and v.
15
Suppose 4*k - 4*h = 128, -5*k = -3*h - 42 - 114. Let d be (-21660)/(-360) + 2/(-12). What is the highest common divisor of d and k?
30
Suppose l + 422 = 3*l. Suppose -5*b + 4*b + l = 5*z, -16 = 4*b. Calculate the highest common divisor of 344 and z.
43
Suppose -2*v = -4*v - 4. Let g be 29 - (v + (-8)/4). Calculate the greatest common divisor of 11 and g.
11
Let g = 11 + -9. Suppose 4*l = 3*q - 6, -3*q + 0 = g*l - 6. Suppose 5*x - 55 = -k - q*k, -5*k + 3*x = -35. Calculate the greatest common divisor of 15 and k.
5
Suppose -4 = -3*r - 3*p + 2*p, 2 = 2*r + p. Suppose 3*h - 12 = 5*k - r, 4*h - 28 = 3*k. Let a = -1 + h. Calculate the highest common factor of 9 and a.
9
Suppose 0 = 3*q + m - 50, -5*q - m = -2*m - 94. Suppose 4*p + 4*w + 8 = 32, 4*p - w - 39 = 0. What is the highest common factor of q and p?
9
Suppose -6*m - 2*m = -40. Let l = -1 + m. Calculate the greatest common divisor of 1 and l.
1
Suppose -5*j + 2*j = 12. Let n be 5*-1 + (-24)/(-1 - 11). Let l be (j/n)/((-8)/(-6)). What is the greatest common divisor of 5 and l?
1
Suppose 12*t - 22*t = -2250. What is the highest common divisor of 30 and t?
15
Let a(n) = 14*n**3 + n**2 - 4*n + 9. Let o be a(2). What is the greatest common factor of o and 273?
39
Let w be ((-12)/(-16))/((-1)/(-8)). Suppose -3 = x, -24 = -2*t - 3*t + 3*x. Let b be 3 + 126/(w/t). What is the greatest common divisor of 22 and b?
22
Let f(z) = 3*z + 155. Let k be f(-41). What is the greatest common divisor of k and 688?
16
Suppose -2*m + 10 = 3*m. Let b be ((-2)/(-4))/((-1)/38). Let r = b + 41. Calculate the highest common factor of m and r.
2
Let s = 26 + -54. Let p = s - -59. Calculate the highest common factor of p and 93.
31
Let y(g) = -8*g - 24. Let f(o) = o**2 + 6*o + 1. Let x be f(-3). Let s be y(x). What is the highest common factor of s and 100?
20
Let y = -2159 + 2177. Suppose -5 = -2*m + 1. Suppose -m*t = -6, 3*l = 4*t - 2 - 0. What is the greatest common divisor of l and y?
2
Suppose 0 = -4*r - 43*r + 9682. Calculate the highest common factor of r and 103.
103
Let t(o) = -4 - 89*o**2 + 170*o**2 - 82*o**2 - 11*o. Let j be t(-5). What is the highest common factor of j and 26?
26
Let v = 42 + -37. Suppose 3*w + 16 = v*w. Calculate the highest common divisor of 72 and w.
8
Let v be 53 - 3/((-6)/4). Suppose -v = -7*j + 1. Calculate the greatest common divisor of j and 104.
8
Let j(h) = -7*h - 2. Let k be j(-2). Let q(r) = -70*r - 372. Let b be q(-6). Calculate the highest common divisor of k and b.
12
Suppose 9*a = -4*n + 4*a + 9, 2*n - 3*a = -1. Let g = -43 - -38. Let f be g/(-10)*(n + 1). What is the highest common divisor of f and 2?
1
Let r(h) = 104*h**2 + h - 1. Let f be r(1). Let k = f - 74. Calculate the highest common factor of 10 and k.
10
Let l(g) = -g**2 - 14*g + 35. Let c be l(-15). Suppose -6*j = 4*j - c. Calculate the highest common factor of j and 2.
2
Let j(z) = 12 + 7 - 17 + 3*z + z**2. Let v be j(-2). Suppose 2*u = -8, 5*k + 7*u - 2*u = v. What is the highest common factor of 20 and k?
4
Let x(z) = z**3 - 9*z**2 - 62*z - 32. Let r be x(14). What is the highest common divisor of r and 48?
16
Let x = 644 + -1131. Let v = 165 - x. Let y be 8/(-12) + v/6. Calculate the greatest common factor of 12 and y.
12
Suppose 4*u - 2*u - 40 = 0. Suppose -3*j = 2*j + u, -5*s + 5*j - 25 = 0. Let c = -8 - s. What is the highest common factor of c and 5?
1
Suppose -q - 190 = -2*q. What is the greatest common factor of 10 and q?
10
Suppose -4*t + 2*k + 85 + 121 = 0, -4 = 4*k. Calculate the greatest common factor of t and 1581.
51
Let s be (122 - (-20)/5)/((-81)/(-54)). Let d be (-68)/(-5) - 2/(-5). What is the greatest common divisor of d and s?
14
Suppose 0 = 2*y - 4*y - 46. Let v = 35 + y. Calculate the greatest common factor of 24 and v.
12
Suppose -3*z - 28 = g, 5*z + 0*g + 3*g + 44 = 0. Let i(s) = s**2 + 12*s + 26. Let x be i(z). What is the highest common divisor of 30 and x?
6
Let f(u) = 2*u**2 - 24*u + 9. Let k be f(13). Calculate the greatest common divisor of 245 and k.
35
Suppose 13 = m + 1. Calculate the greatest common divisor of m and 132.
12
Let c be -51*4/(-8)*(-96)/(-18). Let x = 5 + 12. What is the highest common divisor of c and x?
17
Let d(v) = v**2 + 10*v - 7. Let w be d(-11). Let i be 1 - (-9)/(-12)*w. Let h be i/9 - 218/(-9). Calculate the highest common divisor of h and 72.
24
Suppose 0 = -5*t + 5652 - 5437. What is the highest common divisor of 172 and t?
43
Let n be (-15 - 18/(-6))*(-1012)/33. Calculate the greatest common divisor of 16 and n.
16
Suppose 3*p = h - 7 + 15, 16 = 5*h - p. Let z = 59 + 9. What is the highest common factor of z and h?
4
Suppose 5*q = p + 252, -2*q + 3*p - p + 96 = 0. Let j(z) = z**2 - 10*z + 21. Let g be j(10). Let c = g - -13. Calculate the greatest common divisor of c and q.
17
Suppose -31*g = -84 - 226. Let a(p) = 4*p**2 - 3*p + 3. Let s be a(3). What is the greatest common factor of s and g?
10
Let p be (-6146)/(-126) + (-2)/(-9). Calculate the highest common divisor of 70 and p.
7
Let l be (-2)/((-2)/3 - 0). Let x(s) = 6*s - 275. Let r be x(46). What is the highest common factor of l and r?
1
Let q be (-4)/18 - (-20)/9. Let l(z) = 5*z**3 - 19*z**2 + 12*z - 50. Let c be l(4). What